en 751 is divided by 195?
166
What is the remainder when 23 is divided by 12?
11
Calculate the remainder when 825 is divided by 204.
9
Calculate the remainder when 693 is divided by 12.
9
What is the remainder when 55 is divided by 5?
0
Calculate the remainder when 358 is divided by 12.
10
Calculate the remainder when 23101 is divided by 19.
16
What is the remainder when 6061 is divided by 129?
127
Calculate the remainder when 4729 is divided by 110.
109
Calculate the remainder when 208 is divided by 106.
102
What is the remainder when 1365 is divided by 172?
161
What is the remainder when 314 is divided by 36?
26
Calculate the remainder when 426 is divided by 38.
8
Calculate the remainder when 543 is divided by 266.
11
What is the remainder when 40 is divided by 5?
0
What is the remainder when 2564 is divided by 95?
94
What is the remainder when 452 is divided by 114?
110
What is the remainder when 32 is divided by 7?
4
What is the remainder when 3496 is divided by 11?
9
What is the remainder when 2149 is divided by 5?
4
Calculate the remainder when 66 is divided by 27.
12
What is the remainder when 479 is divided by 21?
17
What is the remainder when 867 is divided by 121?
20
What is the remainder when 113 is divided by 6?
5
What is the remainder when 459 is divided by 149?
12
Calculate the remainder when 943 is divided by 18.
7
Calculate the remainder when 280 is divided by 121.
38
Calculate the remainder when 677 is divided by 42.
5
Calculate the remainder when 41 is divided by 16.
9
What is the remainder when 2546 is divided by 182?
180
Calculate the remainder when 358 is divided by 19.
16
Calculate the remainder when 1553 is divided by 156.
149
Calculate the remainder when 101 is divided by 14.
3
Calculate the remainder when 32404 is divided by 23.
20
Calculate the remainder when 139 is divided by 12.
7
Calculate the remainder when 89 is divided by 26.
11
What is the remainder when 63 is divided by 15?
3
What is the remainder when 1596 is divided by 73?
63
Calculate the remainder when 213 is divided by 178.
35
What is the remainder when 4340 is divided by 51?
5
Calculate the remainder when 211 is divided by 45.
31
What is the remainder when 158 is divided by 64?
30
What is the remainder when 83 is divided by 25?
8
Calculate the remainder when 203 is divided by 84.
35
Calculate the remainder when 238 is divided by 24.
22
Calculate the remainder when 354 is divided by 117.
3
Calculate the remainder when 5216 is divided by 49.
22
What is the remainder when 2083 is divided by 95?
88
What is the remainder when 480 is divided by 472?
8
Calculate the remainder when 447 is divided by 76.
67
Calculate the remainder when 1424 is divided by 12.
8
Calculate the remainder when 284 is divided by 86.
26
What is the remainder when 5599 is divided by 56?
55
Calculate the remainder when 100 is divided by 25.
0
What is the remainder when 6686 is divided by 88?
86
Calculate the remainder when 2680 is divided by 24.
16
Calculate the remainder when 113 is divided by 15.
8
What is the remainder when 368 is divided by 37?
35
What is the remainder when 3298 is divided by 23?
9
What is the remainder when 181 is divided by 46?
43
Calculate the remainder when 5201 is divided by 21.
14
Calculate the remainder when 352 is divided by 54.
28
What is the remainder when 18895 is divided by 27?
22
Calculate the remainder when 1206 is divided by 138.
102
Calculate the remainder when 10870 is divided by 19.
2
What is the remainder when 5041 is divided by 101?
92
What is the remainder when 8363 is divided by 34?
33
What is the remainder when 280 is divided by 74?
58
What is the remainder when 4948 is divided by 225?
223
Calculate the remainder when 197 is divided by 31.
11
What is the remainder when 2656 is divided by 70?
66
What is the remainder when 2943 is divided by 4?
3
Calculate the remainder when 195 is divided by 54.
33
Calculate the remainder when 191 is divided by 15.
11
Calculate the remainder when 10857 is divided by 122.
121
What is the remainder when 13028 is divided by 101?
100
What is the remainder when 141 is divided by 24?
21
Calculate the remainder when 153 is divided by 3.
0
What is the remainder when 618 is divided by 16?
10
Calculate the remainder when 2108 is divided by 44.
40
Calculate the remainder when 779 is divided by 98.
93
Calculate the remainder when 807 is divided by 29.
24
Calculate the remainder when 7101 is divided by 148.
145
What is the remainder when 849 is divided by 14?
9
Calculate the remainder when 265 is divided by 30.
25
Calculate the remainder when 571 is divided by 143.
142
What is the remainder when 334 is divided by 54?
10
What is the remainder when 529 is divided by 45?
34
What is the remainder when 270 is divided by 75?
45
What is the remainder when 549 is divided by 99?
54
What is the remainder when 662 is divided by 12?
2
What is the remainder when 98 is divided by 55?
43
What is the remainder when 515 is divided by 30?
5
Calculate the remainder when 2277 is divided by 57.
54
Calculate the remainder when 1035 is divided by 37.
36
Calculate the remainder when 40611 is divided by 14.
11
What is the remainder when 15981 is divided by 48?
45
What is the remainder when 1927 is divided by 42?
37
What is the remainder when 679 is divided by 135?
4
Calculate the remainder when 1442 is divided by 255.
167
Calculate the remainder when 2248 is divided by 125.
123
What is the remainder when 56 is divided by 30?
26
Calculate the remainder when 17571 is divided by 23.
22
Calculate the remainder when 58 is divided by 46.
12
Calculate the remainder when 443 is divided by 51.
35
Calculate the remainder when 275 is divided by 30.
5
Calculate the remainder when 360 is divided by 44.
8
Calculate the remainder when 13106 is divided by 51.
50
What is the remainder when 333 is divided by 12?
9
What is the remainder when 455 is divided by 12?
11
What is the remainder when 45 is divided by 28?
17
What is the remainder when 580 is divided by 54?
40
Calculate the remainder when 697 is divided by 50.
47
Calculate the remainder when 316 is divided by 289.
27
Calculate the remainder when 116 is divided by 10.
6
Calculate the remainder when 774 is divided by 31.
30
Calculate the remainder when 101 is divided by 40.
21
Calculate the remainder when 594 is divided by 582.
12
Calculate the remainder when 234 is divided by 61.
51
What is the remainder when 114 is divided by 41?
32
What is the remainder when 205 is divided by 203?
2
Calculate the remainder when 112 is divided by 99.
13
What is the remainder when 7094 is divided by 5?
4
What is the remainder when 54 is divided by 51?
3
Calculate the remainder when 143 is divided by 128.
15
What is the remainder when 2614 is divided by 24?
22
What is the remainder when 162 is divided by 14?
8
What is the remainder when 3606 is divided by 88?
86
Calculate the remainder when 1460 is divided by 3.
2
Calculate the remainder when 403 is divided by 37.
33
Calculate the remainder when 18317 is divided by 10.
7
Calculate the remainder when 355 is divided by 162.
31
Calculate the remainder when 60 is divided by 17.
9
What is the remainder when 63 is divided by 53?
10
What is the remainder when 131 is divided by 122?
9
Calculate the remainder when 214 is divided by 110.
104
What is the remainder when 159 is divided by 41?
36
What is the remainder when 356 is divided by 15?
11
Calculate the remainder when 659 is divided by 60.
59
What is the remainder when 17643 is divided by 333?
327
What is the remainder when 6997 is divided by 50?
47
Calculate the remainder when 80 is divided by 42.
38
What is the remainder when 127 is divided by 57?
13
What is the remainder when 64 is divided by 34?
30
Calculate the remainder when 195 is divided by 18.
15
Calculate the remainder when 620 is divided by 27.
26
What is the remainder when 9277 is divided by 16?
13
What is the remainder when 206 is divided by 67?
5
Calculate the remainder when 194 is divided by 109.
85
What is the remainder when 74841 is divided by 252?
249
What is the remainder when 142 is divided by 17?
6
What is the remainder when 2027 is divided by 39?
38
What is the remainder when 531 is divided by 76?
75
What is the remainder when 765 is divided by 59?
57
Calculat